the tens digit of 892761829?
2
What is the units digit of 4108847215?
5
What is the billions digit of 4438474849?
4
What is the tens digit of 15667597?
9
What is the thousands digit of 20656671?
6
What is the hundred thousands digit of 86604308?
6
What is the tens digit of 195257389?
8
What is the hundred millions digit of 361472156?
3
What is the millions digit of 44179129?
4
What is the units digit of 217964461?
1
What is the hundred thousands digit of 2379011064?
0
What is the hundreds digit of 834627654?
6
What is the hundreds digit of 65779458?
4
What is the millions digit of 146080090?
6
What is the millions digit of 56351729?
6
What is the hundred thousands digit of 1695470845?
4
What is the thousands digit of 251171426?
1
What is the ten millions digit of 7089970236?
8
What is the millions digit of 2946532?
2
What is the millions digit of 189367895?
9
What is the units digit of 621760437?
7
What is the hundreds digit of 1085399857?
8
What is the millions digit of 346834393?
6
What is the hundreds digit of 2086021501?
5
What is the ten thousands digit of 75705573?
0
What is the hundred thousands digit of 107757951?
7
What is the hundred thousands digit of 59936577?
9
What is the hundreds digit of 21335732?
7
What is the units digit of 26145417?
7
What is the tens digit of 63470317?
1
What is the thousands digit of 1532390649?
0
What is the ten thousands digit of 661686639?
8
What is the thousands digit of 5939032868?
2
What is the hundred thousands digit of 171746903?
7
What is the millions digit of 149410995?
9
What is the hundred millions digit of 311480300?
3
What is the ten thousands digit of 84231289?
3
What is the ten thousands digit of 594208141?
0
What is the ten thousands digit of 10237891?
3
What is the hundreds digit of 144082981?
9
What is the ten thousands digit of 121933205?
3
What is the thousands digit of 24641245?
1
What is the ten thousands digit of 69972362?
7
What is the hundred millions digit of 1350765458?
3
What is the ten thousands digit of 838793979?
9
What is the millions digit of 19841463?
9
What is the millions digit of 133734477?
3
What is the ten thousands digit of 5012345460?
4
What is the millions digit of 372963213?
2
What is the ten thousands digit of 11315280?
1
What is the hundreds digit of 1665610907?
9
What is the millions digit of 1295042072?
5
What is the hundred thousands digit of 7150975?
1
What is the ten millions digit of 18296713?
1
What is the hundred millions digit of 174798930?
1
What is the thousands digit of 25217174?
7
What is the thousands digit of 209931525?
1
What is the hundred thousands digit of 12940583?
9
What is the hundred thousands digit of 49123854?
1
What is the ten thousands digit of 262490185?
9
What is the hundred thousands digit of 223390725?
3
What is the ten thousands digit of 6656260?
5
What is the millions digit of 7658745?
7
What is the ten millions digit of 946350551?
4
What is the hundreds digit of 768285744?
7
What is the units digit of 27934524?
4
What is the hundreds digit of 73703815?
8
What is the hundred millions digit of 1358427022?
3
What is the ten millions digit of 53950294?
5
What is the ten thousands digit of 9728544?
2
What is the hundred millions digit of 3776054641?
7
What is the ten millions digit of 258012972?
5
What is the billions digit of 5488404344?
5
What is the ten millions digit of 347540241?
4
What is the thousands digit of 174749775?
9
What is the hundred millions digit of 404288901?
4
What is the tens digit of 114333655?
5
What is the hundred thousands digit of 3120257455?
2
What is the ten millions digit of 167207226?
6
What is the thousands digit of 1090338054?
8
What is the thousands digit of 13810719?
0
What is the units digit of 26203710?
0
What is the ten millions digit of 322444138?
2
What is the ten thousands digit of 5074462?
7
What is the ten millions digit of 2280767338?
8
What is the hundreds digit of 653444870?
8
What is the hundreds digit of 151619743?
7
What is the thousands digit of 1257593690?
3
What is the units digit of 202477425?
5
What is the hundred thousands digit of 75283900?
2
What is the tens digit of 46873017?
1
What is the millions digit of 13520698?
3
What is the ten thousands digit of 551851542?
5
What is the hundred thousands digit of 184786686?
7
What is the hundred thousands digit of 3186209556?
2
What is the hundreds digit of 1083346254?
2
What is the thousands digit of 25540131?
0
What is the tens digit of 155821038?
3
What is the thousands digit of 32709562?
9
What is the tens digit of 125688573?
7
What is the hundreds digit of 94528840?
8
What is the ten thousands digit of 407193560?
9
What is the hundreds digit of 2025230073?
0
What is the hundred thousands digit of 148885779?
8
What is the hundred thousands digit of 3940255535?
2
What is the ten millions digit of 773139950?
7
What is the hundreds digit of 376510150?
1
What is the ten thousands digit of 46601439?
0
What is the thousands digit of 223331251?
1
What is the hundred millions digit of 1157946890?
1
What is the hundred millions digit of 948830616?
9
What is the ten millions digit of 117139495?
1
What is the ten thousands digit of 4405419877?
1
What is the hundreds digit of 3180151?
1
What is the thousands digit of 5726921631?
1
What is the tens digit of 116357560?
6
What is the tens digit of 102813331?
3
What is the millions digit of 412681913?
2
What is the hundred millions digit of 1867390264?
8
What is the tens digit of 29168449?
4
What is the hundreds digit of 665782587?
5
What is the hundreds digit of 34749587?
5
What is the thousands digit of 2099453245?
3
What is the tens digit of 397594945?
4
What is the ten millions digit of 262012350?
6
What is the hundreds digit of 3698728487?
4
What is the ten thousands digit of 91944703?
4
What is the millions digit of 9666967?
9
What is the tens digit of 3115128580?
8
What is the hundreds digit of 3174854071?
0
What is the thousands digit of 20316785?
6
What is the hundred thousands digit of 6835898985?
8
What is the hundred millions digit of 6938061144?
9
What is the ten thousands digit of 6455118096?
1
What is the hundred thousands digit of 38551738?
5
What is the ten thousands digit of 74245598?
4
What is the millions digit of 1670725114?
0
What is the billions digit of 1732066110?
1
What is the tens digit of 220414749?
4
What is the thousands digit of 254486574?
6
What is the thousands digit of 1855738184?
8
What is the hundreds digit of 5381005?
0
What is the ten thousands digit of 6921996789?
9
What is the hundreds digit of 176709576?
5
What is the ten thousands digit of 1826819?
2
What is the ten thousands digit of 601648153?
4
What is the billions digit of 1393873681?
1
What is the thousands digit of 2371989903?
9
What is the hundred thousands digit of 3893417582?
4
What is the millions digit of 589241006?
9
What is the ten millions digit of 3104594686?
0
What is the hundred thousands digit of 9564234?
5
What is the ten millions digit of 231708585?
3
What is the thousands digit of 152273583?
3
What is the units digit of 123328108?
8
What is the hundred thousands digit of 2178321962?
3
What is the billions digit of 2089877058?
2
What is the ten thousands digit of 57190890?
9
What is the ten thousands digit of 463242806?
4
What is the thousands digit of 716905751?
5
What is the hundred thousands digit of 1575859628?
8
What is the ten millions digit of 36037458?
3
What is the tens digit of 1226420264?
6
What is the ten thousands digit of 443859495?
5
What is the tens digit of 61120633?
3
What is the hundred millions digit of 1277667004?
2
What is the hundreds digit of 1102950425?
4
What is the hundred thousands digit of 452139681?
1
What is the billions digit of 4376263682?
4
What is the hundreds digit of 185603871?
8
What is the ten millions digit of 836202706?
3
What is the hundreds digit of 36239801?
8
What is the hundreds digit of 4997405264?
2
What is the ten thousands digit of 1477535884?
3
What is the units digit of 613371894?
4
What is the tens digit of 77397171?
7
What is the millions digit of 2184530269?
4
What is the thousands digit of 6433225308?
5
What is the units digit of 106506333?
3
What is the millions digit of 21481245?
1
What is the hundred thousands digit of 1147